3*r - 7 = -4*r. What is the greatest common divisor of r and 1?
1
Let b(u) = 14*u**2 - u - 3. Let k be b(-3). Calculate the greatest common factor of k and 18.
18
Let i be (6/(-21))/((-10)/35). Let w be -1 - (i + -9)*2. What is the greatest common divisor of 135 and w?
15
Let g be 16 - (-1 - -2)*1. Let l be 226/3 - 1/3. Calculate the greatest common divisor of l and g.
15
Let p = -145 + 321. Suppose 0 = 3*n + 3, -4*v - n + 47 = -v. Calculate the highest common divisor of v and p.
16
Let a = -20 - -5. Let z = 26 + a. Let v = -77 - -198. Calculate the highest common factor of v and z.
11
Let h(k) = 100*k + 1. Let f be h(4). Suppose -5*r - f = -961. Let x = 26 + -12. What is the greatest common divisor of r and x?
14
Suppose -i = 2*i - 63. Let n be i + 6/(3 + -5). What is the greatest common divisor of n and 18?
18
Let b be (-2)/(-8) + 83/4. Suppose -3*h + 7 = 2*o, 2*h - 4*o + 9 = 3. Let m be h - 1 - (-168 + 0). Calculate the highest common factor of b and m.
21
Let r = 1 + 2. Suppose r*o + 17 = 2*f + 42, f = -5*o + 33. Let h(y) = 5*y**2 + 3*y. Let t be h(-2). Calculate the greatest common factor of t and o.
7
Let g(v) be the second derivative of -v**4/12 + 11*v**3/6 - 3*v**2 - 2*v. Let y be g(8). Let c = -13 - -25. Calculate the greatest common divisor of y and c.
6
Suppose 5*l - m = 3*m + 1088, -3*m = -3*l + 651. Suppose -7*v - l = -12*v. Calculate the highest common divisor of 11 and v.
11
Suppose -2*f + 6*f - 24 = 0. Suppose -45 = -j - 2*j. Let r = j - f. Calculate the greatest common divisor of 81 and r.
9
Suppose -3*x + 3*b - 60 = 0, -3*b - 11 = -4*x - 87. Let n = 17 + x. What is the highest common factor of n and 1?
1
Suppose 2*p = -2*k + 2, -p = 3*k - 2*p - 15. What is the highest common divisor of 28 and k?
4
Suppose 5*u + 8*i - 110 = 3*i, 52 = 4*u - 5*i. Suppose -5*n + s + 42 = -0*s, -s = -2*n + u. Let r = 247 - 183. What is the greatest common factor of n and r?
8
Let b be (5 - 0 - 2) + 1. Suppose 5*t + b*a = 204, 3*t - 2*a = -0*a + 118. What is the greatest common factor of t and 16?
8
Let p be (49/14 - -4)*60/2. Calculate the greatest common factor of p and 15.
15
Suppose -180 = 2*f - 8*f. What is the highest common divisor of f and 75?
15
Let q be (-1 + 0)/1 - -73. What is the highest common factor of q and 18?
18
Suppose -2*b = -3*s + 3*b + 133, -s - b = -55. Suppose 2*t - 11 = 23. What is the greatest common factor of s and t?
17
Let p be 18*-4*(1/(-1))/12. What is the greatest common factor of p and 3?
3
Let w(r) = r**3 + 12*r**2 + 10*r - 7. Let c be w(-11). Let z be (-2)/c*(-89 - 11). What is the greatest common divisor of 20 and z?
10
Let r = -9 + 13. Suppose r*f - 8 = 16. Suppose -4*q + f*q = 52. What is the highest common divisor of 65 and q?
13
Let y(x) = x**3 + 4*x**2 - 3*x - 4. Let q be y(-4). Let z be (24/9)/(q/36). Calculate the greatest common divisor of 96 and z.
12
Suppose -2*f - 4 = 2. Let h be (-8)/f*(-156)/(-16). Suppose 66 = 4*g + h. What is the highest common factor of g and 10?
10
Let g(t) = -t - 9. Let v be g(-6). Let w be (-1)/(v/4)*3. Let c be w*(3/2)/1. What is the greatest common divisor of 15 and c?
3
Let v(u) = -u**3 - 12*u**2 - 10*u + 20. Let i be v(-11). What is the greatest common factor of 279 and i?
9
Let i(p) = p**2 + 42. Let d be i(0). Suppose -1 = 2*h + 3*k - d, 3*h - 4*k - 53 = 0. Calculate the greatest common factor of h and 76.
19
Suppose n = -3*q - 3 + 1, -n - 3 = 2*q. What is the highest common divisor of 11 and q?
1
Let n = 8 - 3. Calculate the highest common factor of 45 and n.
5
Suppose 2 = 3*v - 46. Let m be (-8)/(-6)*(-1 + 31). What is the greatest common divisor of v and m?
8
Let j = 9 - -1. Suppose 10 = -5*n + 30. Suppose 6*b - n*b = j. What is the highest common factor of b and 20?
5
Let s = 4 + -7. Let x(o) be the second derivative of -o**5/20 - o**4/6 + o**3/3 - 2*o. Let f be x(s). What is the highest common divisor of f and 24?
3
Let l(g) = -g**3 - 5*g**2 - 7*g - 4. Let c be l(-4). What is the highest common factor of 2 and c?
2
Let z = -5 + 17. Suppose r - z - 32 = 0. Suppose 0 = -2*k + 220 + r. Calculate the highest common factor of 12 and k.
12
Let o = 3 + -3. Suppose -s - d + 7 = 0, -3*s + 0*s - d + 31 = o. Calculate the highest common divisor of s and 8.
4
Let t(u) = -u**3 + 4*u**2 + u + 9. Let f be t(0). Calculate the highest common factor of f and 36.
9
Let l be (4/(-1) - -3) + 10. What is the highest common divisor of l and 81?
9
Let o = -8 + 21. Let h(n) = n**3 + 6*n**2 - 7. Let d(v) = -v**2 - 1. Let m(t) = -6*d(t) - h(t). Let j be m(0). Calculate the highest common divisor of j and o.
13
Let o be 0 - 8/(-1 + -1). Suppose 0 = -4*f + y + 17, -o*f - f = -3*y - 30. Let r be 8/6*f - -2. Calculate the highest common factor of r and 24.
6
Suppose 77 = 4*q - 6*t + 3*t, 5*q - 130 = -3*t. Calculate the greatest common factor of q and 115.
23
Let p be (-8)/2 + 57/1. Let c = -5 + p. What is the greatest common divisor of c and 24?
24
Let n(t) = t**3 - 2*t**2 - 3*t + 4. Let u be n(3). Suppose 5*f = 2*m + 3*m + 15, 0 = u*m - 12. Calculate the highest common divisor of f and 54.
6
Suppose -8 = -s + 41. Let b = s - 13. Let k = 6 + 3. Calculate the highest common divisor of b and k.
9
Suppose -h = n - 8, -h = 2*n - 6 - 0. What is the greatest common divisor of 15 and h?
5
Suppose -2*b + 2*g + 126 = 0, g - 178 = -3*b + 31. Let j = -32 + b. Suppose -4*k - k = 4*p - 72, 5*p = 15. Calculate the greatest common factor of j and k.
12
Let r be 2*((-84)/(-8) - -5). What is the greatest common divisor of 341 and r?
31
Let n = 698 - 498. Suppose n = 4*d + 72. Suppose 3*p - 5*r - 124 = 0, 4*r = -5*p + 171 + 85. What is the highest common factor of d and p?
16
Suppose -3*r + 8 + 253 = -c, 0 = 3*r - 4*c - 252. What is the greatest common factor of r and 11?
11
Let a(t) = -9*t - 9. Let i be a(-5). Let c(o) = -o + 4. Let w be c(-5). What is the greatest common factor of w and i?
9
Let n(p) = -p**3 + 8*p**2 - 8*p + 8. Let x be n(7). What is the greatest common factor of x and 6?
1
Let u be (0/1 - 2) + 9. Let c(p) = 4*p + 0*p - p**3 - 2*p**2 - 5*p + 4*p - u. Let x be c(-6). What is the greatest common factor of x and 17?
17
Let h be 7/4*-2*-6. Calculate the greatest common divisor of h and 21.
21
Suppose -3*o + 0*o = -12. Suppose -2*t + 6 = -t. Let u(d) = d + 4. Let g be u(t). What is the greatest common factor of g and o?
2
Let f be 90*(10/4 + -2). Suppose m + 0*m = f. Suppose 0 = 4*j - j - m. Calculate the highest common divisor of 6 and j.
3
Suppose -4*z = -66 - 66. Let o be (-220)/30*(-2 + -1). Calculate the greatest common factor of z and o.
11
Suppose -2*t = -t - 3, -i + 2*t + 7 = 0. What is the greatest common factor of 26 and i?
13
Let q(a) = -39*a - 3. Let v be q(-1). Calculate the greatest common divisor of 18 and v.
18
Let o(j) = -j**3 - 6*j**2 - 7*j + 7. Let y be o(-6). Let h(x) = -x - 12. Let s be h(-5). Let m = 14 + s. Calculate the greatest common divisor of m and y.
7
Let i(a) = a**2 + a - 4. Let b be i(-3). Suppose b*w - 3*w + 21 = 0. Calculate the greatest common divisor of 21 and w.
21
Let s be (0 + -46)*(-1 - 0). What is the highest common divisor of s and 69?
23
Suppose -292 = -4*m - 0*t + 2*t, 3*m + t = 214. Calculate the greatest common divisor of m and 54.
18
Suppose -8 = -0*g - g. What is the greatest common divisor of g and 56?
8
Suppose -5*w + 5*m + 62 = -13, 2*w = -5*m + 51. What is the greatest common divisor of w and 9?
9
Let a be (-13)/(-65) - 78/(-10). Calculate the greatest common divisor of 1 and a.
1
Suppose -7 = -4*s - h + 16, 5*s = 4*h + 13. Suppose -s*v = -23 - 217. What is the highest common factor of 32 and v?
16
Let j be (-339)/(-6) + (-3)/6. Calculate the highest common divisor of j and 8.
8
Suppose -x + 2*m - 39 = 4*m, -4*m + 125 = -5*x. Let o be 2 - x*(0 + 1). Let f = o + -19. Calculate the greatest common divisor of 4 and f.
4
Let w be (2 + -3)/(2/(-104)). Suppose -3*d + 65 - 26 = 0. What is the greatest common factor of w and d?
13
Suppose 2*l = 2, 6*r - 4*r = l - 5. Let f(b) = -8*b**3 + 3*b**2 + 2*b - 2. Let o be f(r). What is the highest common factor of 10 and o?
10
Suppose 5*f = f + 344. Let s = -20 + f. What is the greatest common factor of 11 and s?
11
Suppose -2*d + 240 = -0*d. Suppose 3*m + m - 60 = 0. What is the highest common divisor of d and m